126639002 a multiple of 5?
False
Does 16 divide 1089581552?
True
Is 11 a factor of 381511735?
True
Is 1174341564 a multiple of 22?
True
Does 662 divide 16922983?
False
Does 22 divide 349404550?
True
Does 43 divide 382289?
False
Is 264 a factor of 36570336?
True
Does 53 divide 4506609?
False
Is 53 a factor of 300645521?
True
Is 141932150 a multiple of 26?
False
Does 18 divide 7252201?
False
Is 27439062 a multiple of 7?
True
Is 1086957893 a multiple of 16?
False
Does 907 divide 80062704?
True
Is 4253367 a multiple of 103?
False
Is 9 a factor of 41467464?
True
Is 99 a factor of 56236455?
True
Is 1231580210 a multiple of 491?
True
Is 19001748 a multiple of 247?
False
Is 103392564 a multiple of 66?
True
Does 15 divide 51232260?
True
Is 343554840 a multiple of 9?
True
Is 658 a factor of 953445433?
False
Does 9 divide 17408950?
False
Is 466 a factor of 2776376692?
False
Is 11196038 a multiple of 1106?
True
Is 304 a factor of 4438096?
True
Does 30 divide 1541331528?
False
Is 83801987 a multiple of 1838?
False
Is 38308200 a multiple of 40?
True
Is 82528290 a multiple of 117?
True
Is 2893 a factor of 450567392?
True
Is 11 a factor of 717491775?
True
Is 41 a factor of 41605401?
False
Does 1036 divide 992666978?
False
Is 99 a factor of 2155558?
False
Does 6 divide 2385929?
False
Is 76845400 a multiple of 991?
False
Is 1105 a factor of 2329762110?
True
Does 5357 divide 14308547?
True
Does 1864 divide 83882596?
False
Is 11 a factor of 10533708?
False
Is 13 a factor of 10594120?
False
Is 1690 a factor of 27018030?
True
Is 1629 a factor of 10764432?
True
Is 1300989860 a multiple of 3436?
True
Is 60490864 a multiple of 29?
False
Does 26 divide 54502110?
True
Does 345 divide 223394990?
False
Is 332467869 a multiple of 49?
False
Does 4 divide 230228726?
False
Does 11 divide 4231645?
True
Is 2276 a factor of 33939344?
False
Is 69 a factor of 201869712?
True
Is 1143621767 a multiple of 129?
False
Is 5047 a factor of 1784008822?
False
Is 587910900 a multiple of 139?
False
Does 6 divide 11198423?
False
Does 192 divide 181769856?
True
Is 506127447 a multiple of 295?
False
Does 1787 divide 1131669188?
False
Is 5993559 a multiple of 429?
True
Is 463863400 a multiple of 16219?
True
Is 1374 a factor of 321032352?
True
Is 1065841350 a multiple of 75?
True
Is 340989780 a multiple of 10?
True
Is 1474287682 a multiple of 16?
False
Is 679262325 a multiple of 5?
True
Is 11484625 a multiple of 10?
False
Does 6 divide 365125122?
True
Does 4685 divide 92211949?
False
Is 75 a factor of 876376875?
True
Does 150 divide 352093350?
True
Does 4300 divide 7034800?
True
Does 167 divide 5624542?
False
Is 45852456 a multiple of 1124?
True
Is 79689575 a multiple of 691?
True
Does 1075 divide 88707925?
True
Does 542 divide 192962840?
True
Is 2591700637 a multiple of 872?
False
Is 1544608 a multiple of 26?
True
Is 285710256 a multiple of 6?
True
Is 5404 a factor of 210415548?
True
Is 93924358 a multiple of 62?
True
Is 7 a factor of 86332512?
True
Is 41 a factor of 191215299?
False
Does 14 divide 274903706?
True
Is 44371611 a multiple of 30?
False
Does 5 divide 1237646483?
False
Is 742 a factor of 40535460?
True
Does 14 divide 16409022?
True
Is 391 a factor of 157563196?
False
Does 136 divide 29842803?
False
Does 46 divide 67447270?
True
Is 363095447 a multiple of 24?
False
Is 78007644 a multiple of 685?
False
Does 12 divide 1233684?
True
Is 10 a factor of 23612180?
True
Is 2879262542 a multiple of 495?
False
Is 4346939394 a multiple of 1375?
False
Does 156 divide 494236988?
False
Is 5558159714 a multiple of 18?
False
Is 895447348 a multiple of 91?
False
Is 191646117 a multiple of 15?
False
Does 21 divide 15642039?
True
Is 357 a factor of 36767634?
False
Is 31099377 a multiple of 341?
False
Is 112 a factor of 764816080?
True
Does 61 divide 93591085?
False
Is 100561084 a multiple of 13?
True
Is 17706124 a multiple of 8?
False
Does 225 divide 2542797891?
False
Does 1518 divide 438547090?
False
Is 40 a factor of 115277920?
True
Is 414 a factor of 13691394?
True
Is 2441764678 a multiple of 1913?
True
Does 162 divide 1954854?
True
Does 33 divide 84597294?
False
Is 49346908 a multiple of 2000?
False
Is 3744468 a multiple of 12?
True
Is 1096785846 a multiple of 78?
True
Does 9 divide 8313525?
True
Is 94 a factor of 10511738?
True
Does 45 divide 6718590?
True
Does 9 divide 204715412?
False
Is 1217 a factor of 562132300?
True
Is 123 a factor of 19199321?
False
Does 54 divide 249724916?
False
Is 1482 a factor of 198796587?
False
Is 385504407 a multiple of 1593?
True
Is 385562209 a multiple of 28?
False
Is 1690248596 a multiple of 2926?
False
Is 106 a factor of 119721806?
True
Is 680260021 a multiple of 133?
True
Does 752 divide 434649236?
False
Is 4507044 a multiple of 5?
False
Is 116 a factor of 306285240?
True
Does 427 divide 106067359?
False
Does 424 divide 60657775?
False
Does 1418 divide 25125910?
False
Does 78 divide 85087630?
False
Is 113 a factor of 2919095326?
True
Is 1125362420 a multiple of 1372?
True
Does 89 divide 14241088?
False
Is 133518592 a multiple of 64?
True
Is 18 a factor of 10219230?
True
Is 94999437 a multiple of 1001?
False
Is 4893748 a multiple of 163?
False
Is 48076600 a multiple of 164?
True
Does 1995 divide 1330825756?
False
Does 120 divide 11588640?
True
Is 6 a factor of 338278428?
True
Does 13 divide 183521?
True
Is 268631983 a multiple of 166?
False
Does 32 divide 306017280?
True
Is 962 a factor of 6871566?
True
Is 358019316 a multiple of 236?
True
Is 805820686 a multiple of 67?
False
Is 727083 a multiple of 3?
True
Does 9 divide 806428018?
False
Does 18 divide 2045702446?
False
Is 323 a factor of 20169089?
True
Is 1442425853 a multiple of 17?
False
Does 316 divide 256958560?
True
Does 542 divide 4284688759?
False
Is 631187 a multiple of 93?
False
Is 10089856 a multiple of 8?
True
Is 761290489 a multiple of 7?
False
Is 3054853615 a multiple of 1655?
True
Does 7 divide 31425800?
True
Does 1769 divide 67108784?
True
Is 159087460 a multiple of 7854?
False
Does 12 divide 34150006?
False
Is 176435350 a multiple of 70?
True
Is 8 a factor of 1175181510?
False
Is 105 a factor of 107940840?
True
Is 313008009 a multiple of 814?
False
Is 4130352118 a multiple of 39?
False
Is 200626036 a multiple of 122?
False
Is 2271 a factor of 273832638?
True
Is 7 a factor of 170998231?
False
Is 45774690 a multiple of 7?
False
Is 3 a factor of 1425764?
False
Is 1225 a factor of 1456185675?
True
Does 3005 divide 156590550?
True
Is 3 a factor of 33450897?
True
Does 2026 divide 6287422?
False
Is 339892677 a multiple of 1317?
True
Is 4443 a factor of 56537175?
True
Does 3 divide 293820677?
False
Is 137107253 a multiple of 5?
False
Does 119 divide 816935?
True
Does 45 divide 13106951?
False
Is 331 a factor of 57921690?
True
Does 587 divide 13227163?
False
Is 2939 a factor of 279822190?
True
Is 87 a factor of 11304778?
False
Does 23 divide 21588666?
False
Is 153 a factor of 35152081?
False
Does 147 divide 30633876?
False
Is 128445840 a multiple of 36?
True
Does 892 divide 152001913?
False
Is 89868418 a multiple of 122?
False
Is 8 a factor of 1112212?
False
Does 1483 divide 55929862?
True
Is 158 a factor of 16280659?
False
Does 72 divide 137266128?
True
Does 85 divide 48626630?
True
Is 113768200 a multiple of 245?
True
Does 138 divide 481418244?
True
Does 2302 divide 1012728446?
False
Is 322 a factor of 23677304?
True
Does 243 divide 211416561?
True
Does 47 divide 270075253?
False
Is 777 a factor of 41751652?
False
Does 276 divide 8361016?
False
Is 166552496 a multiple of 7216?
True
Does 9 divide 346572144?
True
Is 286 a factor of 78598234?
True
Is 6026 a factor of 4699803021?
False
Is 40992589 a multiple of 9?
False
Does 97 divide 23253911?
False
Does 1670 divide 1511650600?
True
Is 37844904 a multiple of 12?
True
Does 20 divide 3347328440?
True
Is 9538262 a multiple of 441?
False
Is 228428484 a multiple of 19?
False
Is 2610178582 a multiple of 11?
True
Is 188 a factor of 85597340?
True
Is 8 a factor of 31327960?
True
Is 155 a factor of 243641092?
False
Is 35422132 a multiple of 319?
False
Is 43 a factor of 3605384837?
True
Is 28411320 a multiple of 24?
True
Does 8 divide 77091335?
False
Is 29276475 a multiple of 25?
True
Is 11823718 a multiple of 4?
False
Does 585 divide 2079117338?
False
Does 55 d